{"id":58,"date":"2019-07-16T04:12:19","date_gmt":"2019-07-16T04:12:19","guid":{"rendered":"https:\/\/albertainsurance.agency\/?page_id=58"},"modified":"2019-08-03T17:25:55","modified_gmt":"2019-08-03T17:25:55","slug":"ubezpieczenia","status":"publish","type":"page","link":"https:\/\/albertainsurance.agency\/?page_id=58","title":{"rendered":"Ubezpieczenia"},"content":{"rendered":"<h2 class=\"wsite-content-title\">UBEZPIECZENIA W ALBERCIE<\/h2>\n<div class=\"paragraph\"><span style=\"font-size: 18pt;\">Reprezentujemy najwi\u0119kszych ubezpieczycieli w Kanadzie.<\/span><\/div>\n<div><span style=\"font-size: 18pt;\">Szybka i sprawna obs\u0142uga po polsku lub angielsku.\u00a0<\/span><\/div>\n<div><span style=\"font-size: 18pt;\">Oferujemy bezp\u0142atne porady na temat ubezpiecze\u0144 dla ka\u017cdego. Niezobowi\u0105zujaco porozmawiaj z naszym agentem przed nast\u0119pna odnow\u0105 polisy, <\/span><span style=\"font-size: 18pt;\">a przyznasz \u017ce by\u0142o warto.\u00a0<\/span><\/div>\n<div class=\"paragraph\"><span style=\"color: #f5d70c;\">\u200b<\/span><span style=\"font-size: 300%;\">\u00a0<\/span><br \/>\n<span style=\"font-size: 24pt;\"><strong>SPRAWD\u0179 NASZ\u0104 OFERT\u0118<\/strong><\/span><\/div>\n<h2 class=\"wsite-content-title\" style=\"text-align: center;\"><span style=\"font-size: 36pt;\">UBEZPIECZAMY:<\/span><\/h2>\n<p><strong><span style=\"font-size: 18pt;\">\u00a0 \u00a0 \u00a0 \u00a0 \u00a0 \u00a0 \u00a0 \u00a0 \u00a0 Samochody\u00a0 \u00a0 \u00a0 \u00a0 \u00a0 \u00a0 \u00a0 \u00a0 \u00a0 \u00a0 \u00a0 \u00a0 \u00a0 \u00a0 \u00a0 \u00a0 \u00a0 \u00a0 \u00a0 \u00a0 \u00a0 \u00a0 \u00a0 \u00a0 \u00a0 \u00a0 \u00a0 \u00a0 \u00a0 \u00a0 \u00a0 \u00a0 \u00a0 \u00a0 \u00a0\u017bycie<\/span><\/strong><\/p>\n<p><strong><span style=\"font-size: 18pt;\">\u00a0 \u00a0 \u00a0 \u00a0 \u00a0 \u00a0 \u00a0 \u00a0 \u00a0 Domy\u00a0 \u00a0 \u00a0 \u00a0 \u00a0 \u00a0 \u00a0 \u00a0 \u00a0 \u00a0 \u00a0 \u00a0 \u00a0 \u00a0 \u00a0 \u00a0 \u00a0 \u00a0 \u00a0 \u00a0 \u00a0 \u00a0 \u00a0 \u00a0 \u00a0 \u00a0 \u00a0 \u00a0 \u00a0 \u00a0 \u00a0 \u00a0 \u00a0 \u00a0 \u00a0 \u00a0 \u00a0 \u00a0 Zdrowie<\/span><\/strong><\/p>\n<p><strong><span style=\"font-size: 18pt;\">\u00a0 \u00a0 \u00a0 \u00a0 \u00a0 \u00a0 \u00a0 \u00a0 \u00a0 Firmy\u00a0 \u00a0 \u00a0 \u00a0 \u00a0 \u00a0 \u00a0 \u00a0 \u00a0 \u00a0 \u00a0 \u00a0 \u00a0 \u00a0 \u00a0 \u00a0 \u00a0 \u00a0 \u00a0 \u00a0 \u00a0 \u00a0 \u00a0 \u00a0 \u00a0 \u00a0 \u00a0 \u00a0 \u00a0 \u00a0 \u00a0 \u00a0 \u00a0 \u00a0 \u00a0 \u00a0 \u00a0 \u00a0 Podr\u00f3\u017ce<\/span><\/strong><\/p>\n<div class=\"paragraph\" style=\"text-align: center;\"><span style=\"color: #ae40a5; font-size: xx-large;\">NIE CZEKAJ DZWO\u0143 DZISIAJ<\/span><\/div>\n<div>\n<h2 class=\"wsite-content-title\" style=\"text-align: center;\"><span style=\"font-size: 36pt;\">(780) 456 2218<\/span><\/h2>\n<\/div>\n","protected":false},"excerpt":{"rendered":"<p>UBEZPIECZENIA W ALBERCIE Reprezentujemy najwi\u0119kszych ubezpieczycieli w Kanadzie. Szybka i sprawna obs\u0142uga po polsku lub angielsku.\u00a0 Oferujemy bezp\u0142atne porady na temat ubezpiecze\u0144 dla ka\u017cdego. Niezobowi\u0105zujaco porozmawiaj z naszym agentem przed nast\u0119pna odnow\u0105 polisy, a przyznasz \u017ce by\u0142o warto.\u00a0 \u200b\u00a0 SPRAWD\u0179 NASZ\u0104 OFERT\u0118 UBEZPIECZAMY: \u00a0 \u00a0 \u00a0 \u00a0 \u00a0 \u00a0 \u00a0 \u00a0 \u00a0 Samochody\u00a0 \u00a0 \u00a0 &hellip; <a href=\"https:\/\/albertainsurance.agency\/?page_id=58\" class=\"more-link\">Continue reading<span class=\"screen-reader-text\"> &#8220;Ubezpieczenia&#8221;<\/span><\/a><\/p>\n","protected":false},"author":1,"featured_media":0,"parent":0,"menu_order":0,"comment_status":"closed","ping_status":"closed","template":"","meta":{"footnotes":""},"class_list":["post-58","page","type-page","status-publish","hentry"],"_links":{"self":[{"href":"https:\/\/albertainsurance.agency\/index.php?rest_route=\/wp\/v2\/pages\/58","targetHints":{"allow":["GET"]}}],"collection":[{"href":"https:\/\/albertainsurance.agency\/index.php?rest_route=\/wp\/v2\/pages"}],"about":[{"href":"https:\/\/albertainsurance.agency\/index.php?rest_route=\/wp\/v2\/types\/page"}],"author":[{"embeddable":true,"href":"https:\/\/albertainsurance.agency\/index.php?rest_route=\/wp\/v2\/users\/1"}],"replies":[{"embeddable":true,"href":"https:\/\/albertainsurance.agency\/index.php?rest_route=%2Fwp%2Fv2%2Fcomments&post=58"}],"version-history":[{"count":3,"href":"https:\/\/albertainsurance.agency\/index.php?rest_route=\/wp\/v2\/pages\/58\/revisions"}],"predecessor-version":[{"id":147,"href":"https:\/\/albertainsurance.agency\/index.php?rest_route=\/wp\/v2\/pages\/58\/revisions\/147"}],"wp:attachment":[{"href":"https:\/\/albertainsurance.agency\/index.php?rest_route=%2Fwp%2Fv2%2Fmedia&parent=58"}],"curies":[{"name":"wp","href":"https:\/\/api.w.org\/{rel}","templated":true}]}}